{"id":10,"date":"2019-09-28T21:43:20","date_gmt":"2019-09-28T21:43:20","guid":{"rendered":"https:\/\/arqueoescena.eu\/?page_id=10"},"modified":"2019-10-01T00:01:44","modified_gmt":"2019-10-01T02:01:44","slug":"qui-som","status":"publish","type":"page","link":"https:\/\/arqueoescena.eu\/?page_id=10","title":{"rendered":"Qui som"},"content":{"rendered":"\n<p>Arqueoescena \u00e9s una estructura de professionals i\ninvestigadors procedents dels \u00e0mbits de l&#8217;arqueologia, la filologia, el teatre,\nla m\u00fasica, la dansa i el turisme cultural.&nbsp;<\/p>\n\n\n\n<p>T\u00e9 com a missi\u00f3 transferir els resultats de la recerca i l\u2019experimentaci\u00f3 a la difusi\u00f3 de la cultura. La seva finalitat \u00e9s reconstruir la hist\u00f2ria i mostrar-la d&#8217;una manera diferent en els seus escenaris originals o recreant-ne els ambients.<\/p>\n\n\n\n<p><strong>Missi\u00f3<\/strong><\/p>\n\n\n\n<p>Arqueoescena es constitueix com un pont\ndin\u00e0mic&nbsp;entre el patrimoni historicoarqueol\u00f2gic i la societat actual per\n\u201cmostrar la vida que s\u2019amaga darrere de&nbsp;les pedres\u201d.<\/p>\n\n\n\n<p>Per\nqu\u00e8? Perqu\u00e8 posar en relleu les\narrels culturals en els seus propis escenaris hist\u00f2rics aporta valor al\nterritori i enriqueix alhora el bagatge de les persones i de la societat en\ngeneral.<\/p>\n\n\n\n<p>Aquesta alternativa s\u2019adiu b\u00e9 amb el context de la societat del coneixement i amb la qualificaci\u00f3 de T\u00e0rraco com a Ciutat Patrimoni de la Humanitat, principal escenari d\u2019actuaci\u00f3 d\u2019Arqueoescena.<\/p>\n\n\n\n<p><strong>Visi\u00f3<\/strong><\/p>\n\n\n\n<p>Arqueoescena ha concebut una l\u00ednia pionera en\nla creaci\u00f3 d\u2019espectacles i tallers de recreaci\u00f3 hist\u00f2rica. En aquest sentit,\naspira a ser un referent destacat en la difusi\u00f3 de la mem\u00f2ria hist\u00f2rica\nmitjan\u00e7ant el llenguatge esc\u00e8nic.<\/p>\n\n\n\n<p>Treballa\nper implantar aquestes noves formes de presentaci\u00f3 als diferents monuments i\nespais muse\u00edstics. Alhora aposta per mantenir una\nplataforma d\u2019experimentaci\u00f3 i innovaci\u00f3 en el disseny de nous projectes per a la posada en valor del\npatrimoni arqueol\u00f2gic de l\u2019antiguitat cl\u00e0ssica <\/p>\n\n\n\n<p>L\u2019objectiu\nprioritari \u00e9s perseguir\nl\u2019excel\u00b7l\u00e8ncia en els continguts, els\nformats i la prestaci\u00f3\ndel servei.<\/p>\n","protected":false},"excerpt":{"rendered":"<p>Arqueoescena \u00e9s una estructura de professionals i investigadors procedents dels \u00e0mbits de l&#8217;arqueologia, la filologia, el teatre, la m\u00fasica, la [&hellip;]<\/p>\n","protected":false},"author":1,"featured_media":100,"parent":0,"menu_order":0,"comment_status":"closed","ping_status":"closed","template":"","meta":{"_monsterinsights_skip_tracking":false,"_monsterinsights_sitenote_active":false,"_monsterinsights_sitenote_note":"","_monsterinsights_sitenote_category":0,"footnotes":""},"class_list":["post-10","page","type-page","status-publish","has-post-thumbnail","hentry"],"aioseo_notices":[],"_links":{"self":[{"href":"https:\/\/arqueoescena.eu\/index.php?rest_route=\/wp\/v2\/pages\/10","targetHints":{"allow":["GET"]}}],"collection":[{"href":"https:\/\/arqueoescena.eu\/index.php?rest_route=\/wp\/v2\/pages"}],"about":[{"href":"https:\/\/arqueoescena.eu\/index.php?rest_route=\/wp\/v2\/types\/page"}],"author":[{"embeddable":true,"href":"https:\/\/arqueoescena.eu\/index.php?rest_route=\/wp\/v2\/users\/1"}],"replies":[{"embeddable":true,"href":"https:\/\/arqueoescena.eu\/index.php?rest_route=%2Fwp%2Fv2%2Fcomments&post=10"}],"version-history":[{"count":2,"href":"https:\/\/arqueoescena.eu\/index.php?rest_route=\/wp\/v2\/pages\/10\/revisions"}],"predecessor-version":[{"id":60,"href":"https:\/\/arqueoescena.eu\/index.php?rest_route=\/wp\/v2\/pages\/10\/revisions\/60"}],"wp:featuredmedia":[{"embeddable":true,"href":"https:\/\/arqueoescena.eu\/index.php?rest_route=\/wp\/v2\/media\/100"}],"wp:attachment":[{"href":"https:\/\/arqueoescena.eu\/index.php?rest_route=%2Fwp%2Fv2%2Fmedia&parent=10"}],"curies":[{"name":"wp","href":"https:\/\/api.w.org\/{rel}","templated":true}]}}