{"id":12,"date":"2019-09-28T21:43:20","date_gmt":"2019-09-28T21:43:20","guid":{"rendered":"https:\/\/arqueoescena.eu\/?page_id=12"},"modified":"2025-07-29T15:42:07","modified_gmt":"2025-07-29T17:42:07","slug":"concerts-i-espectacles","status":"publish","type":"page","link":"https:\/\/arqueoescena.eu\/?page_id=12","title":{"rendered":"Concerts i espectacles"},"content":{"rendered":"\n<p>Des\nd\u2019Arqueoescena es treballa en l\u2019estudi de les\narts esc\u00e8niques en l\u2019antiguitat en els seus tres \u00e0mbits espec\u00edfics: les\npr\u00e0ctiques teatrals, la dansa i el m\u00f3n de la m\u00fasica.<\/p>\n\n\n\n<p>En\ntots tres casos s\u2019analitzen els espais de representaci\u00f3 o <em>performance<\/em>, la funcionalitat, les professions\nassociades, els instruments musicals, els elements simb\u00f2lics o d\u2019attrezzo que\ns\u2019hi relacionen, els continguts dels cants, els estils, etc. <\/p>\n\n\n<div class=\"wp-block-image\">\n<figure class=\"alignleft size-medium is-resized\"><img loading=\"lazy\" decoding=\"async\" width=\"211\" height=\"300\" src=\"https:\/\/arqueoescena.eu\/wp-content\/uploads\/2025\/07\/Seikilos-1-211x300.jpg\" alt=\"\" class=\"wp-image-171\" style=\"aspect-ratio:0.7033333333333334;width:298px;height:auto\" srcset=\"https:\/\/arqueoescena.eu\/wp-content\/uploads\/2025\/07\/Seikilos-1-211x300.jpg 211w, https:\/\/arqueoescena.eu\/wp-content\/uploads\/2025\/07\/Seikilos-1.jpg 411w\" sizes=\"auto, (max-width: 211px) 100vw, 211px\" \/><figcaption class=\"wp-element-caption\">Can\u00e7\u00f3 de S\u00edcil <br>Int\u00e8rprets: Olga Miracle, Pepe Luna i Ra\u00fal Lacilla \u00a9 Arqueoescena<\/figcaption><\/figure>\n<\/div>\n\n\n<figure class=\"wp-block-audio\"><audio controls src=\"http:\/\/arqueoescena.eu\/wp-content\/uploads\/2025\/07\/seikilosPREmixTR_Master.mp3\"><\/audio><\/figure>\n","protected":false},"excerpt":{"rendered":"<p>Des d\u2019Arqueoescena es treballa en l\u2019estudi de les arts esc\u00e8niques en l\u2019antiguitat en els seus tres \u00e0mbits espec\u00edfics: les pr\u00e0ctiques [&hellip;]<\/p>\n","protected":false},"author":1,"featured_media":78,"parent":0,"menu_order":0,"comment_status":"closed","ping_status":"closed","template":"","meta":{"_monsterinsights_skip_tracking":false,"_monsterinsights_sitenote_active":false,"_monsterinsights_sitenote_note":"","_monsterinsights_sitenote_category":0,"footnotes":""},"class_list":["post-12","page","type-page","status-publish","has-post-thumbnail","hentry"],"aioseo_notices":[],"_links":{"self":[{"href":"https:\/\/arqueoescena.eu\/index.php?rest_route=\/wp\/v2\/pages\/12","targetHints":{"allow":["GET"]}}],"collection":[{"href":"https:\/\/arqueoescena.eu\/index.php?rest_route=\/wp\/v2\/pages"}],"about":[{"href":"https:\/\/arqueoescena.eu\/index.php?rest_route=\/wp\/v2\/types\/page"}],"author":[{"embeddable":true,"href":"https:\/\/arqueoescena.eu\/index.php?rest_route=\/wp\/v2\/users\/1"}],"replies":[{"embeddable":true,"href":"https:\/\/arqueoescena.eu\/index.php?rest_route=%2Fwp%2Fv2%2Fcomments&post=12"}],"version-history":[{"count":6,"href":"https:\/\/arqueoescena.eu\/index.php?rest_route=\/wp\/v2\/pages\/12\/revisions"}],"predecessor-version":[{"id":176,"href":"https:\/\/arqueoescena.eu\/index.php?rest_route=\/wp\/v2\/pages\/12\/revisions\/176"}],"wp:featuredmedia":[{"embeddable":true,"href":"https:\/\/arqueoescena.eu\/index.php?rest_route=\/wp\/v2\/media\/78"}],"wp:attachment":[{"href":"https:\/\/arqueoescena.eu\/index.php?rest_route=%2Fwp%2Fv2%2Fmedia&parent=12"}],"curies":[{"name":"wp","href":"https:\/\/api.w.org\/{rel}","templated":true}]}}