{"id":13,"date":"2019-09-28T21:43:20","date_gmt":"2019-09-28T21:43:20","guid":{"rendered":"https:\/\/arqueoescena.eu\/?page_id=13"},"modified":"2019-09-30T23:30:20","modified_gmt":"2019-10-01T01:30:20","slug":"xerrades-i-tallers","status":"publish","type":"page","link":"https:\/\/arqueoescena.eu\/?page_id=13","title":{"rendered":"Xerrades i tallers"},"content":{"rendered":"\n<p>Un altre tipus d&#8217;activitats que ofereix Arqueoescena s\u00f3n les xerrades i tallers amb demostracions sonores sobre la m\u00fasica de l\u2019antiga Gr\u00e8cia. <\/p>\n\n\n\n<p>S&#8217;hi donen a con\u00e8ixer unes partitures mil\u00b7len\u00e0ries que es feien sonar a l\u2019\u00e8poca grecoromana amb instruments semblants als que podem trobar actualment en la m\u00fasica cl\u00e0ssica o popular, rescatats aqu\u00ed de l\u2019antiguitat. S&#8217;hi expliquen les situacions diverses de la vida quotidiana i els esdeveniments singulars en qu\u00e8 es podien interpretar can\u00e7ons, himnes a les divinitats o aires de dansa. <\/p>\n\n\n\n<p>Un llegat de partitures de pedra i papir que el pas del temps no ha esborrat. Instruments de fusta, metall, os o pell que creaven paisatges sonors. A trav\u00e9s d\u2019una col\u00b7lecci\u00f3 de r\u00e8pliques d\u2019instruments podem escoltar avui aquells sons antics.<\/p>\n","protected":false},"excerpt":{"rendered":"<p>Un altre tipus d&#8217;activitats que ofereix Arqueoescena s\u00f3n les xerrades i tallers amb demostracions sonores sobre la m\u00fasica de l\u2019antiga [&hellip;]<\/p>\n","protected":false},"author":1,"featured_media":79,"parent":0,"menu_order":0,"comment_status":"closed","ping_status":"closed","template":"","meta":{"_monsterinsights_skip_tracking":false,"_monsterinsights_sitenote_active":false,"_monsterinsights_sitenote_note":"","_monsterinsights_sitenote_category":0,"footnotes":""},"class_list":["post-13","page","type-page","status-publish","has-post-thumbnail","hentry"],"aioseo_notices":[],"_links":{"self":[{"href":"https:\/\/arqueoescena.eu\/index.php?rest_route=\/wp\/v2\/pages\/13","targetHints":{"allow":["GET"]}}],"collection":[{"href":"https:\/\/arqueoescena.eu\/index.php?rest_route=\/wp\/v2\/pages"}],"about":[{"href":"https:\/\/arqueoescena.eu\/index.php?rest_route=\/wp\/v2\/types\/page"}],"author":[{"embeddable":true,"href":"https:\/\/arqueoescena.eu\/index.php?rest_route=\/wp\/v2\/users\/1"}],"replies":[{"embeddable":true,"href":"https:\/\/arqueoescena.eu\/index.php?rest_route=%2Fwp%2Fv2%2Fcomments&post=13"}],"version-history":[{"count":2,"href":"https:\/\/arqueoescena.eu\/index.php?rest_route=\/wp\/v2\/pages\/13\/revisions"}],"predecessor-version":[{"id":89,"href":"https:\/\/arqueoescena.eu\/index.php?rest_route=\/wp\/v2\/pages\/13\/revisions\/89"}],"wp:featuredmedia":[{"embeddable":true,"href":"https:\/\/arqueoescena.eu\/index.php?rest_route=\/wp\/v2\/media\/79"}],"wp:attachment":[{"href":"https:\/\/arqueoescena.eu\/index.php?rest_route=%2Fwp%2Fv2%2Fmedia&parent=13"}],"curies":[{"name":"wp","href":"https:\/\/api.w.org\/{rel}","templated":true}]}}